g(11).
175
Let w(h) = -661*h + 21810. Calculate w(33).
-3
Let r(f) = -281*f + 5341. Calculate r(19).
2
Let t(r) = -161*r + 857. Give t(5).
52
Let c(u) = 415*u**3 + 2*u**2 + 10*u + 8. What is c(-1)?
-415
Let n(t) = 617*t - 4333. Give n(7).
-14
Let i(o) = 804*o + 30562. Give i(-38).
10
Let k(s) = 14*s**2 + 11*s - 7. What is k(-4)?
173
Let u(y) = -31*y + 434. Calculate u(13).
31
Let k(v) = v**3 + 86*v**2 + 68*v - 1451. Calculate k(-85).
-6
Let c(j) = j**2 - 26*j + 84. Give c(14).
-84
Let m(z) = z**3 + 25*z**2 - 74*z + 279. Give m(-28).
-1
Let d(f) = 38*f + 243. Give d(-4).
91
Let p(i) = -3*i**3 + 8*i**2 - 7*i + 28. Calculate p(5).
-182
Let g(u) = 6*u + 50. What is g(-14)?
-34
Let y(i) = -67*i + 530. Calculate y(8).
-6
Let z(n) = 1131*n + 12445. Give z(-11).
4
Let d(h) = 41*h**3 + h**2 - 7*h + 3. What is d(2)?
321
Let d(u) = u**2 + 10*u - 423. Give d(16).
-7
Let j(m) = -m**2 + 17*m + 88. Give j(-4).
4
Let b(p) = -4*p**3 + 31*p**2 - 23*p + 5. Give b(7).
-9
Let l(i) = -i**3 - 48*i**2 - 165*i - 1344. Give l(-45).
6
Let r(w) = -3*w + 46. Give r(-2).
52
Let w(f) = 2370*f + 14240. Determine w(-6).
20
Let n(b) = -2*b**2 - 13*b + 45. Determine n(-12).
-87
Let f(d) = d**3 + 32*d**2 + 58*d + 519. Calculate f(-31).
-318
Let p(y) = y**3 - 5*y**2 + 4*y - 9. What is p(3)?
-15
Let c(d) = 123*d + 854. Determine c(-7).
-7
Let d(w) = -471*w**3 - w**2 - 2*w - 2. Give d(-1).
470
Let m(r) = -r**2 + 126*r + 1077. Determine m(134).
5
Let f(c) = 911*c + 3651. Give f(-4).
7
Let g(u) = 116*u + 2995. Give g(-26).
-21
Let y(n) = -173*n + 999. Calculate y(6).
-39
Let d(r) = 2*r**2 + 22*r + 135. What is d(-5)?
75
Let a(t) = -2088*t - 18789. Calculate a(-9).
3
Let f(t) = t**2 - 29*t - 73. What is f(32)?
23
Let r(d) = 17*d**2 - 696*d - 88. Calculate r(41).
-47
Let a(s) = 208*s - 4205. Determine a(19).
-253
Let b(d) = -d**2 + 141*d - 3974. Determine b(102).
4
Let m(b) = -604*b - 104500. Calculate m(-173).
-8
Let p(v) = 3*v**3 - 103*v**2 + 25*v + 302. Give p(34).
-4
Let d(r) = 6*r**2 - 351*r + 193. Give d(58).
19
Let k(t) = 4*t**3 + 18*t**2 - 9*t - 8. What is k(-5)?
-13
Let p(z) = 35*z + 816. Calculate p(-25).
-59
Let x(t) = -452*t + 2253. What is x(5)?
-7
Let a(v) = v**3 - 67*v**2 + 307*v + 206. Give a(62).
20
Let o(r) = 24*r**3 - 2860*r**2 + 482*r - 719. Give o(119).
-5
Let z(f) = 39*f**2 - 384*f - 56. Determine z(10).
4
Let y(t) = -14*t**2 - 109*t + 948. Determine y(-13).
-1
Let b(t) = t**3 + 17*t**2 + 24*t - 97. Calculate b(-15).
-7
Let k(n) = 267*n**2 + 9*n + 48. Determine k(-2).
1098
Let r(m) = -5391*m - 32350. Determine r(-6).
-4
Let m(r) = r**3 - 40*r**2 + 175*r - 10. What is m(35)?
-10
Let z(q) = q**3 + 8*q**2 - 2*q + 22. What is z(-10)?
-158
Let n(r) = -3*r**2 + 117*r + 1315. Give n(48).
19
Let b(d) = -4*d**2 + 93*d - 214. What is b(20)?
46
Let g(x) = 19*x**2 - 290*x + 92. Give g(15).
17
Let m(s) = 2*s**2 + 569*s + 5032. Give m(-9).
73
Let s(m) = -86*m - 271. Give s(7).
-873
Let o(c) = -3*c**2 + 24*c - 171. Calculate o(-11).
-798
Let t(p) = p**2 - 206*p + 1962. Calculate t(196).
2
Let o(v) = -v**3 + v**2 - 2*v + 1. Calculate o(1).
-1
Let q(l) = 157*l - 952. Determine q(6).
-10
Let l(c) = -c**3 + 9*c**2 - 98*c + 903. Give l(9).
21
Let m(a) = -6*a**2 + 2*a + 131. Give m(0).
131
Let a(t) = -2*t**3 + 213*t**2 + 103*t + 468. Calculate a(107).
40
Let i(u) = -u**3 - u**2 + 2*u + 313. Give i(0).
313
Let x(g) = 3*g**3 + g**2 + 5*g + 123. Calculate x(-7).
-892
Let c(b) = -b**3 + 20*b**2 + 8*b - 178. Determine c(20).
-18
Let h(q) = -2*q + 97. What is h(69)?
-41
Let z(c) = -c**2 + 243*c + 1859. Determine z(-8).
-149
Let j(p) = -1361*p - 1376. Determine j(-1).
-15
Let x(f) = -f**2 - 19*f + 20. Give x(-12).
104
Let w(l) = 110*l + 1523. Calculate w(-13).
93
Let c(k) = 2*k**2 + 134*k - 386. What is c(3)?
34
Let m(q) = 5*q + 216. Determine m(-19).
121
Let a(v) = 32*v**2 + 84*v - 8. Give a(-5).
372
Let d(a) = 4*a**2 + 90*a + 15. Determine d(-22).
-29
Let d(w) = w**2 + 55*w + 79. Determine d(-54).
25
Let h(r) = -40*r - 1061. Calculate h(-30).
139
Let d(q) = 2*q**3 + 4*q**2 - 43*q - 24. Determine d(-5).
41
Let z(k) = -47*k + 2310. Give z(52).
-134
Let k(c) = -8*c**2 - 427*c + 2569. Give k(6).
-281
Let f(u) = -2*u**2 - 96*u - 1080. Calculate f(-18).
0
Let g(x) = x**3 + 12*x**2 - 11*x + 39. What is g(-13)?
13
Let u(g) = -289*g**2 + 58*g - 59. What is u(1)?
-290
Let m(s) = -5*s**2 + 73*s + 66. Calculate m(-1).
-12
Let k(o) = -3*o**3 - o**2 - 15*o + 110. What is k(4)?
-158
Let k(g) = -g**3 + 4*g**2 - g + 398. Give k(0).
398
Let g(n) = -2*n**3 - 29*n**2 - 56*n + 48. Determine g(-12).
0
Let b(k) = 4*k - 159. What is b(16)?
-95
Let v(d) = -6*d**2 - 19*d + 28. Determine v(-7).
-133
Let x(q) = q**3 - 41*q**2 + 371*q + 68. Calculate x(27).
-121
Let w(g) = -444*g - 16880. Determine w(-38).
-8
Let q(n) = 118*n + 1175. Give q(-10).
-5
Let p(k) = 603*k + 59698. Give p(-99).
1
Let l(p) = 14*p**2 + 369*p - 1075. Give l(-29).
-2
Let m(w) = -24*w**2 - 75*w - 29. Determine m(-3).
-20
Let i(c) = -c**2 + 23*c + 324. What is i(33)?
-6
Let q(w) = w**3 - 39*w**2 - 210*w - 448. Calculate q(44).
-8
Let f(v) = 103*v - 718. Calculate f(7).
3
Let k(v) = -7*v**3 - 87*v**2 - 40*v - 57. Calculate k(-12).
-9
Let k(c) = 32*c - 305. Calculate k(11).
47
Let k(u) = -u**3 + 9*u**2 + 19*u - 54. Calculate k(10).
36
Let h(a) = a**3 - 10*a**2 + 6*a + 36. Determine h(9).
9
Let b(s) = -11*s**2 + 48*s - 15. Give b(4).
1
Let b(d) = -148*d**2 + 3*d. Calculate b(2).
-586
Let s(v) = v**2 - 24*v + 209. What is s(8)?
81
Let p(r) = -2*r**3 - 86*r**2 - 86*r - 64. Determine p(-42).
20
Let p(n) = 8*n - 237. Determine p(9).
-165
Let f(a) = -187*a + 35905. Determine f(192).
1
Let w(o) = 102*o + 449. Determine w(-6).
-163
Let v(y) = -297*y - 3797. Determine v(-13).
64
Let i(u) = -u**2 + 9*u + 252. Determine i(21).
0
Let r(h) = -h**2 + 112*h - 2877. What is r(40)?
3
Let c(d) = 34*d**3 - d**2 + 13*d - 30. Determine c(2).
264
Let h(f) = f**3 + 21*f**2 - 52*f - 40. What is h(-24)?
-520
Let l(y) = y**2 - 138*y + 2644. Give l(115).
-1
Let j(a) = a**3 - 27*a**2 - 236*a - 75. Give j(34).
-7
Let s(n) = -2*n**3 + 8*n**2 + 39*n - 144. Determine s(3).
-9
Let u(m) = -5*m**3 + 577*m**2 - 230*m + 4. Determine u(115).
4
Let j(f) = 624*f - 38086. Calculate j(61).
-22
Let f(y) = y**3 + y**2 + 2*y + 8. Determine f(3).
50
Let r(i) = i**3 - 20*i**2 - 36*i + 1. Determine r(22).
177
Let f(r) = r**2 - 40*r + 349. Give f(14).
-15
Let s(n) = n**2 + 23*n - 366. Calculate s(10).
-36
Let p(r) = -2*r**2 - 190*r - 2171. Give p(-83).
-179
Let a(h) = -5*h**3 + 191*h**2 - 38*h + 50. What is a(38)?
50
Let q(b) = -10723*b + 96505. Give q(9).
-2
Let m(c) = c**2 - 3275*c - 22976. What is m(-7)?
-2
Let b(v) = 211*v + 2608. Calculate b(-12).
76
Let q(l) = 8*l**3 + 43*l**2 - 13*l - 26. Determine q(-5).
114
Let o(v) = -v**3 + 3*v**2 + 23*v - 9. What is o(0)?
-9
Let y(l) = -155*l + 17758. Give y(115).
-67
Let f(s) = -11*s**3 + 199*s**2 + 418*s + 38. Give f(20).
-2
Let b(k) = -2*k**3 - 4*k**2 - 12*k + 48. Calculate b(4).
-192
Let a(l) = l**3 + 18*l**2 - 17*l - 233. Give a(-18).
73
Let b(r) = 4*r**2 + 23*r - 73. Give b(-8).
-1
Let j(o) = o**3 + 47*o**2 + 11*o + 250. Give j(-47).
-267
Let j(z) = -3*z**3 + 35*z**2 + 14*z + 2. Calculate j(0).
2
Let y(v) = -2*v**2 + 259*v - 105. Determine y(129).
24
Let f(o) = 2200*o + 35206. Determine f(-16).
6
Let y(x) = 8*x**2 + 73*x - 13. Determine y(-9).
-22
Let k(y) = -y**3 - 143*y**2 - 660*y + 4145. Determine k(-138).
5
Let t(z) = -8*z - 571. Calculate t(-70).
-11
Let w(g) = g**3 + 17*g**2 + 66*g + 23. What is w(-11)?
23
Let k(z) = -12*z**2 - 130*z - 108. What is k(-10)?
-8
Let d(s) = -57*s**2 - 10*s - 15. Determine d(-2).
-223
Let n(k) = 79*k - 359. Calculate n(4).
-43
Let u(b) = 241*b - 307. Give u(1).
-66
Let m(l) = -67*l + 335. Give m(5).
0
Let z(h) = -58*h - 30. Give z(-1).
28
Let k(q) = -2422*q + 89606. What is k(37)?
-8
Let y(c) = c**2 + 46*c + 563. Determine y(-46).
563
Let k(j) = -j**3 - 76*j**2 - 142*j + 465. What is k(-74)?
21
Let p(c) = 33*c + 473. Calculate p(-12).
77
Let s(m) = 19*m - 158. What is s(8)?
-6
Let j(l) = -l**3 - 70*l**2 - 137*l - 62. Determine j(-68).
6
Let w(d) = 3*d**3 + 45*d**2 - d - 16. What is w(-15)?
-1
Let g(a) = a**3 - 25*a**2 + 4*a - 133. Give g(25).
-33
Let n(y) = -2*y**3 + 26*y**2 - 10*y + 42. Give n(13).
-88
Let